ose 7 = 3*i - n, -4*i + 2*n + 18 = 5*n. Determine k(i).
4
Let y be 40/6 - 6/9. Let b(a) = y*a - 4*a - 5 - 3*a**2 - 5*a + a**3 + 6. Give b(3).
-8
Let u(z) = z**3 + 4*z**2 - 4*z - 2. Let n = -11 + 16. Suppose -n*y + p - 9 = 5*p, y = -5*p + 15. Calculate u(y).
-7
Let c(p) be the third derivative of p**5/30 + p**4/24 + p**3/6 - 28*p**2. What is c(-1)?
2
Suppose 0*k - 4*k + 12 = 0. Let g = 2 + k. Let v(w) = -5*w + 270 + 4*w - 264. Determine v(g).
1
Suppose 4*w = 5*x + 17, -4*x - 7 = 3*w - 4*w. Let t be (-8)/(-16)*0/(-2). Let f(y) = -3*y + 1 - 29*y**2 + 30*y**2 + t*y. What is f(w)?
1
Let c(x) be the second derivative of -2/3*x**3 + 3*x + 0 - 1/2*x**2. Determine c(1).
-5
Let a(l) = -7*l**2 - 2*l - 1. Suppose 3*m - 16 = 4*p, 0*p + 3*m = -3*p - 12. Let u = 1 - p. Suppose -u*v + 4 = b, 1 = -3*b + 2*v - 4. Determine a(b).
-6
Let h = -26 + 37. Let t(z) = z + 10. Let n(f) = -5*f - 49. Let w(v) = h*t(v) + 2*n(v). What is w(0)?
12
Let f = -2 + 6. Let r = 7 + -5. Let c(z) = -1 + 0*z**2 - 1 + r*z**2 - z**2 - 5*z. What is c(f)?
-6
Let d(g) = -g + 13. Let f be d(11). Let k(z) = -3 + z - f + 3 - 2. What is k(0)?
-4
Let y(t) = -t**2 - 6*t - 6. Suppose 2*l = -2 - 6. Determine y(l).
2
Let y be (-1)/(-6) - 77/66. Let f(i) = i - 1. Calculate f(y).
-2
Let q(m) = -2*m - 2. Let i(t) = 1. Let l(j) = -3*i(j) - q(j). Calculate l(2).
3
Let o(w) = 2*w**3 - 2*w**2 - w - 1. Let v be o(2). Let x(t) = 5*t - 7. Let g(a) = a. Let h be (1 - 2)*-3 - 2. Let b(l) = h*x(l) - 4*g(l). What is b(v)?
-2
Let h(o) = o**3 + 6*o**2 + 3*o - 2. Let g be (0 - 4)/4*5. Determine h(g).
8
Let o(y) be the second derivative of y**5/20 - y**4/4 + y**3/6 + y**2/2 - 4*y. What is o(2)?
-1
Let o(i) = 3*i + 2. Let a be o(3). Suppose 32 - a = 3*z. Let v = 11 - z. Let c(m) = 2*m + 2. Determine c(v).
10
Let x(b) = -5*b**3 + b**3 - b**2 + 1 + 2*b - 2. Let d be x(1). Let q(z) = z**3 + 4*z**2 - 2*z - 2. Determine q(d).
6
Let p = -15 - -21. Let d(t) = -3*t**3 - 6*t**2 + 0 + 4*t**3 - 1. Give d(p).
-1
Let p(d) be the third derivative of 1/60*d**5 + 0*d + 0 + d**3 + 7/24*d**4 + 4*d**2. Calculate p(-6).
0
Let l(a) = 5*a**2 + 0*a - 4*a**2 + 4 - 3 + 3*a. Let m = -7 + 11. Let c be m/14 + (-27)/21. Calculate l(c).
-1
Let q be 2/6 + (-5)/(-3). Let w(s) = s - s**3 + 2 - q + s**2 + 5 + 0*s**3. Calculate w(0).
5
Suppose 6 = -2*p + 10. Let o(v) = 2*v**3 - 2*v**2 - v - 2. Calculate o(p).
4
Let b = 17 + -17. Let u(q) = -4*q - 6 + 2*q + q. Let t be u(b). Let k(p) = p + 8. Calculate k(t).
2
Let m be 0/(-1) + -2 + 1. Let a(t) = 1 + 824*t**2 - 822*t**2 + 3*t - 2*t. Determine a(m).
2
Let i(t) = 10*t**2 - 5*t + 3. Let d(z) = -10*z**2 + 4*z - 2. Let f(b) = 4*d(b) + 3*i(b). Determine f(-1).
-10
Let q(k) = 16*k**2 + 6 - 1 + 5*k - 1 - 17*k**2. Calculate q(4).
8
Let k(q) = -q - 1. Let h be 3/(-1 + 7/4). Suppose 3*v - h*v = -3. What is k(v)?
-4
Let b(f) be the third derivative of f**5/60 - f**4/8 + f**3/6 + 18*f**2. Give b(1).
-1
Suppose 0 = 4*f + 2*a - 14, 0 = -3*f + 4*f + 4*a - 7. Let m(g) = 3*g + 8 - 4*g - 1 + 0. Let s be m(f). Let t(q) = q**2 - 5*q - 1. Give t(s).
-5
Let q(o) = -2*o + 5. Let x(r) = r**3 - 6*r**2 - 7*r + 6. Let d be x(7). Give q(d).
-7
Let f = -26 + 31. Let p(q) = 2*q - 3. Give p(f).
7
Let h(n) = -n**2 - 5*n - 6. Let s(j) = -2*j + 9. Let l(z) = -3. Let c(q) = -q + 3. Let o(x) = 2*c(x) + 3*l(x). Let k be o(-5). Let t be s(k). What is h(t)?
-6
Let x(t) = t**2 - t - 2. Let h be x(2). Let b(d) = d**2 + d - 5. Give b(h).
-5
Suppose -8*n = -3*n + 2*t - 50, n + 4*t + 8 = 0. Suppose 30 = 5*x - 2*v - 3*v, -n = -x + 4*v. Let d(g) = -g - 1. Determine d(x).
-5
Let l(i) = i**2 + 6*i + 3. Suppose 2*w = -7 - 3. Determine l(w).
-2
Let d(q) = -q. Let u(v) = -6*v + 1. Let w(c) = 4*c. Let z be w(-1). Let g be u(z). Let a be (12/10)/(10/g). Give d(a).
-3
Let a(s) = s - 13. Let z be a(7). Let g(l) = 3*l**3 + 5*l**2 + 6*l + 9. Let x(w) = 10*w**3 + 14*w**2 + 18*w + 27. Let q(j) = 7*g(j) - 2*x(j). Give q(z).
9
Let a(o) be the third derivative of -o**5/20 - o**4/8 - 13*o**2. Give a(-2).
-6
Suppose 4*d = -2 - 6. Let m be 2*((-1)/d)/1. Let q(w) = 3*w - 4 - 5*w + m. What is q(-3)?
3
Let a(h) = 8*h**2 - 26*h - 5. Let m(k) = 3*k**2 - 9*k - 2. Let s(j) = 4*a(j) - 11*m(j). Calculate s(-6).
-4
Let g(v) = v - 10. Let s be g(6). Let y(z) = z**2 + 3*z - 5. Let d be y(s). Let n(t) = -5*t. What is n(d)?
5
Let v = -4 - -6. Let o(u) = 4 + u**2 + 0*u**2 + 7*u + 0*u**v + 1. Give o(-5).
-5
Let o(b) = -2*b**2 - 1 + b**2 - 5 + 9*b. Let k be o(8). Let c(g) = 2*g**k - 3*g**2 - 2*g - g + 4. What is c(-3)?
4
Let m(j) be the first derivative of -3*j + 1/4*j**4 + 1 - 4/3*j**3 + 2*j**2. Suppose 0 = -8*b + 4*b + 8. Calculate m(b).
-3
Let o(c) = c + 1. Let l be o(-3). Let a(g) = g**3 - g**2 - g + 2. Determine a(l).
-8
Let c(a) = -7*a**2 - a - 1. Let h = -15 - -14. What is c(h)?
-7
Let y(p) = -4 + 4*p + p**2 + 3*p + 9. Determine y(-5).
-5
Let j = -6 - -15. Let k(o) = -o**3 - 3*o**2 - o - 4*o - 5 + j*o**2. Give k(5).
-5
Let z = -5 - -7. Suppose -2*o + z*w + 11 = -3*o, -5*w = 4*o + 35. Let n(p) = 2*p - 9. Let t(m) = -m + 1. Let s(a) = n(a) + 3*t(a). Give s(o).
-1
Let z(q) be the first derivative of q**2/2 + 4*q + 3. Calculate z(0).
4
Let s(y) = y**3 - 6*y**2 + y - 1. Let p = -15 - -21. Determine s(p).
5
Let g(h) = h**3 - 4*h - 1 - 3*h**2 + 20*h**2 - 13*h**2. Calculate g(-5).
-6
Let r(w) = 2*w**3 + 4*w**2 - 22 - 4*w**2 + 2*w**2 + 23. What is r(-2)?
-7
Let w(n) = n**2 + n - 4. Let c be w(-3). Let m(l) = -10*l**2 + 6*l + 8. Let g(t) = 3*t**2 - 2*t - 2. Let y(i) = 7*g(i) + 2*m(i). Determine y(c).
2
Let c(k) = 3*k + 1. Let g be c(-1). Let u(h) = -h**3 - h**2 + 3*h + 1. Determine u(g).
-1
Let s(v) = 2*v - 1. Let j(k) = -1. Let b(h) = h - 6. Let d(l) = b(l) - 4*j(l). Suppose 0 = 4*i + r - 24, -i - 4*i + 37 = 3*r. Let q be d(i). Determine s(q).
5
Let o be 7/(-4)*(-4)/(-1). Let q = -4 - o. Let d(k) = k + k - q*k. Give d(3).
-3
Let h(w) = -6*w + 1. Let y = -21 + 22. What is h(y)?
-5
Let m(f) be the second derivative of -f**3/3 - 2*f. Suppose 0 = -3*h + 5*h + 4. What is m(h)?
4
Let p(u) = 9 - 22 + 9 + 5*u. What is p(-4)?
-24
Let v(g) be the third derivative of -g**6/120 - g**5/30 + g**3/3 - 39*g**2. What is v(2)?
-14
Let m be -1*(4 - (-2 - -3)). Let y = 2 + m. Let h(x) = x**3 + 2 - 1 + 2*x**2 + 2*x + 4*x**3. What is h(y)?
-4
Let s(q) = q**2 + 1. Let i be 3/(-3 - -9)*-4. Let c be s(i). Let t(n) be the third derivative of -n**4/12 - n**3/3 + n**2. What is t(c)?
-12
Let y(x) = 3*x**2 - x - 1. Suppose -u + 4*u = -3. Determine y(u).
3
Suppose 4 = -3*l + 16. Let t(d) = -l + d - 1 + 1. Let m be ((3 + -3)/(-4))/(-2). Give t(m).
-4
Suppose -6 = -l - 0*l. Let f(b) be the second derivative of b**6/360 - b**5/20 + b**4/12 + b**3/3 - 8*b. Let c(z) be the second derivative of f(z). Give c(l).
2
Let r(v) = -v + 4 + 5*v + 1 + 2. Determine r(-3).
-5
Let f(w) = 1 + 0 - 2*w - 69*w**3 + 68*w**3. What is f(1)?
-2
Let d(b) = -b**2 + 5*b. Suppose -2*m + 16 = 2*m. What is d(m)?
4
Let z(h) be the third derivative of -h**6/120 + h**5/12 - h**4/24 - 7*h**3/6 + 10*h**2. Give z(5).
-12
Let h(p) = -2*p**3 + 6*p**2 + p + 8. Let b(s) = -3*s**3 + 6*s**2 + s + 9. Let k(t) = -3*b(t) + 4*h(t). Calculate k(-6).
-1
Let r = 4 - 4. Let x(j) = -j + 9. Give x(r).
9
Let y(x) = 2*x + 2. Let p(n) = 2*n**2 - 4*n + 2. Let v be p(3). Suppose 0*w + 3*w - v = m, 0 = m + w. Let u be (m/(-2))/(1/(-5)). Determine y(u).
-8
Let x = -84 - -83. Let q(o) = -4*o**2 - 1 - 12*o**3 + 4*o**2. Calculate q(x).
11
Let q(w) be the first derivative of -1/4*w**4 - 2*w**2 + 0*w - 5/3*w**3 + 8. Let c(g) = g**3 + 2*g**2 + g - 1. Let r be c(-2). Give q(r).
-6
Let j(n) = 5*n**2 + 3*n - 2. Let y(a) = a**2 + a - 1. Let z(c) = j(c) - 6*y(c). Suppose 0 = -0*g + 5*g - 40. Let i = -12 + g. What is z(i)?
0
Let n be (1 + -2)*(2 + (-20)/8). Let k(x) be the second derivative of -x - 1/2*x**3 + 0 - n*x**2. Give k(-2).
5
Suppose -4*i - 4*r + 108 = 0, 3*r = -i - r + 36. Suppose 11 = 2*z + 5, -2*z + i = 2*c. Suppose -3*o - c = -0*o. Let y(g) = -g**2 - g - 3. Give y(o).
-9
Let f(x) = -x - 8. Let j(w) = w + 9. Let g(a) = -2*a. Let i be g(1). Let n(c) = i*j(c) - 3*f(c). Give n(-4).
2
Suppose -m + 20 = 3*m. Suppose -3*d = -m*h - 55, d - 5*d + 3*h = -66. Suppose -2*j = j + d. Let a(w) = -2*w - 5. Calculate a(j).
5
Let u(o) be the second derivative of -o**4/12 - o**3/6 + o**2 